e highest common divisor of 59300 and 31000.
100
Calculate the highest common factor of 67796839 and 333.
37
What is the highest common factor of 19369864 and 1592?
1592
Calculate the greatest common factor of 34 and 52692197.
17
What is the greatest common divisor of 48 and 3943824?
48
What is the greatest common factor of 20042464 and 544?
32
Calculate the highest common divisor of 1184859 and 4275.
171
Calculate the greatest common divisor of 17635 and 1115.
5
What is the highest common divisor of 65437346 and 6643?
949
What is the highest common factor of 665434 and 49021?
1043
Calculate the greatest common factor of 1422729 and 129591.
693
What is the greatest common divisor of 8 and 930020040?
8
What is the greatest common factor of 550 and 119857600?
50
What is the highest common factor of 91 and 9240658?
7
What is the highest common divisor of 6125 and 21117775?
1225
What is the greatest common divisor of 640996 and 13424?
3356
Calculate the highest common factor of 196 and 132896.
4
What is the greatest common divisor of 760693150 and 35?
35
Calculate the highest common factor of 156 and 256984.
52
Calculate the greatest common factor of 533 and 336487.
41
Calculate the greatest common factor of 2531842 and 4.
2
Calculate the highest common factor of 186 and 972159.
3
What is the greatest common divisor of 40898 and 34572967?
1573
What is the greatest common divisor of 805263 and 146?
73
Calculate the greatest common divisor of 31625 and 2747833.
253
Calculate the highest common factor of 2039255 and 5928695.
13505
Calculate the highest common divisor of 104937 and 4503.
57
What is the highest common divisor of 22497 and 47791127?
7499
Calculate the greatest common divisor of 1358 and 96995926.
194
What is the greatest common divisor of 1255 and 2318989?
251
What is the greatest common divisor of 285344835 and 30?
15
What is the greatest common divisor of 3948 and 1046878?
658
What is the highest common factor of 208704 and 457627?
1087
Calculate the greatest common factor of 3277373 and 1186559.
4411
Calculate the greatest common divisor of 504363671 and 14.
7
Calculate the greatest common divisor of 406458 and 1620814.
5018
What is the greatest common factor of 50700 and 3657?
3
Calculate the highest common factor of 3770 and 60309270.
290
Calculate the highest common factor of 23499 and 25277.
7
What is the greatest common divisor of 180101 and 14307?
19
Calculate the greatest common factor of 485449101 and 1908.
477
Calculate the highest common divisor of 51975 and 158900.
175
What is the highest common divisor of 1143120 and 21648?
528
Calculate the greatest common factor of 29618755 and 178.
89
What is the highest common divisor of 624 and 14433159?
39
Calculate the highest common factor of 1896546 and 150.
6
What is the highest common divisor of 1312641 and 1881?
99
Calculate the greatest common factor of 132 and 156849396.
132
Calculate the highest common divisor of 545412 and 236208.
84
What is the highest common factor of 345808128 and 6072?
552
Calculate the highest common factor of 2022424 and 215258.
5006
What is the highest common factor of 1925182629 and 34?
17
What is the greatest common divisor of 115618320 and 270?
270
What is the highest common factor of 61052538 and 18?
6
Calculate the highest common factor of 778344 and 6642.
246
Calculate the highest common divisor of 3132 and 118206.
54
What is the highest common divisor of 21221794 and 841?
841
What is the greatest common factor of 130690005 and 1030?
515
What is the greatest common divisor of 2380 and 549697890?
1190
What is the highest common divisor of 93197808 and 561?
561
Calculate the highest common divisor of 5587 and 1524043.
151
Calculate the highest common factor of 1064395 and 494080.
965
Calculate the highest common factor of 58044 and 13125.
21
Calculate the greatest common factor of 285430 and 3309815.
1955
What is the greatest common factor of 3452 and 298541905?
863
Calculate the highest common factor of 47306 and 25389.
217
What is the greatest common factor of 266869 and 1415?
283
What is the greatest common factor of 717244 and 506?
22
What is the highest common divisor of 117620 and 11356211?
5881
What is the highest common divisor of 3524859 and 37271?
611
What is the greatest common factor of 98 and 286916350?
14
Calculate the highest common factor of 12474 and 118566.
126
What is the highest common factor of 41031904 and 11536?
1648
Calculate the greatest common divisor of 385084 and 177548.
476
What is the highest common factor of 16362 and 28271268?
162
What is the greatest common divisor of 1392 and 79392?
48
Calculate the highest common factor of 15557988 and 12.
12
Calculate the highest common divisor of 8 and 390949480.
8
Calculate the greatest common factor of 1964248 and 28424.
1496
Calculate the greatest common factor of 1342411880 and 80.
40
What is the greatest common divisor of 1805 and 3930340?
95
Calculate the greatest common factor of 3846128 and 341.
11
What is the greatest common divisor of 120 and 28307130?
30
What is the greatest common factor of 2520800 and 1120?
160
What is the highest common divisor of 9524011 and 994?
497
What is the highest common factor of 20898 and 381582?
774
Calculate the greatest common divisor of 253 and 852587.
23
Calculate the highest common divisor of 8 and 17304328.
8
Calculate the highest common divisor of 20 and 44532610.
10
What is the greatest common divisor of 506715 and 1551?
33
Calculate the greatest common divisor of 23320207 and 23191.
3313
What is the greatest common factor of 4648357 and 6727?
6727
What is the greatest common divisor of 128 and 1352114240?
64
Calculate the highest common factor of 16641011 and 17.
17
What is the highest common factor of 1082367 and 72?
9
What is the greatest common divisor of 1806 and 41308638?
1806
Calculate the highest common factor of 25766559 and 91.
91
What is the greatest common divisor of 2900857842 and 18?
18
Calculate the greatest common factor of 291942251 and 373.
373
Calculate the highest common factor of 49405 and 275725.
205
Calculate the greatest common factor of 204940 and 1215.
5
What is the highest common factor of 4346 and 1263202?
106
Calculate the highest common factor of 5292 and 10835076.
588
Calculate the greatest common divisor of 30 and 21311040.
30
Calculate the highest common factor of 195049610 and 280.
70
What is the highest common divisor of 37366 and 144466?
238
What is the highest common factor of 3524772 and 13623?
717
What is the highest common divisor of 1199 and 23341369?
109
What is the highest common divisor of 121280 and 5031225?
1895
Calculate the greatest common divisor of 2602905 and 45.
15
Calculate the highest common divisor of 12 and 1342398.
6
Calculate the highest common factor of 112054131 and 882.
441
What is the greatest common factor of 26577735 and 60?
15
Calculate the greatest common factor of 7861062 and 594.
66
What is the highest common divisor of 323190 and 25110?
810
Calculate the greatest common factor of 21 and 28973749.
7
What is the highest common divisor of 7119 and 107926413?
2373
Calculate the highest common factor of 1902670 and 2090.
110
Calculate the highest common divisor of 224528 and 3136.
16
Calculate the greatest common divisor of 20781602 and 244.
122
Calculate the greatest common divisor of 407527380 and 2340.
2340
What is the greatest common divisor of 1008 and 2234862?
126
What is the highest common divisor of 118524392 and 21476?
1652
Calculate the highest common factor of 110566 and 124302420.
1874
Calculate the greatest common factor of 270193 and 57913.
29
What is the greatest common factor of 7518 and 156926?
14
Calculate the highest common divisor of 2 and 45817618.
2
What is the highest common divisor of 99455376 and 72?
24
Calculate the greatest common divisor of 9173 and 1390158977.
9173
Calculate the greatest common factor of 13120 and 42438608.
656
What is the greatest common divisor of 539044 and 1639?
11
Calculate the highest common divisor of 110731369 and 536.
67
What is the greatest common factor of 50 and 5399710?
10
What is the greatest common divisor of 300564 and 444?
12
Calculate the highest common divisor of 192480344 and 280.
56
Calculate t